0803
What are the prime factors of 131615301?
3, 2017, 21751
What are the prime factors of 21541225?
5, 23, 37463
What are the prime factors of 136255251?
3, 11, 19, 217313
What are the prime factors of 1206080950?
2, 5, 59, 408841
What are the prime factors of 454675388?
2, 31, 37, 113, 877
What are the prime factors of 182153357?
7331, 24847
What are the prime factors of 202793325?
3, 5, 7, 59, 6547
What are the prime factors of 319307041?
277, 1152733
List the prime factors of 16911412.
2, 7, 157, 3847
What are the prime factors of 181103692?
2, 7, 11, 587999
What are the prime factors of 28137245?
5, 5627449
What are the prime factors of 210440868?
2, 3, 11, 1594249
What are the prime factors of 66126635?
5, 647, 20441
What are the prime factors of 1516514753?
13, 116654981
What are the prime factors of 4644536865?
3, 5, 309635791
What are the prime factors of 49248936?
2, 3, 11, 5653
What are the prime factors of 167385446?
2, 1553, 53891
List the prime factors of 560403129.
3, 11, 13, 41, 151, 211
What are the prime factors of 3026611050?
2, 3, 5, 20177407
List the prime factors of 1586390901.
3, 41, 179, 72053
What are the prime factors of 2894734097?
2894734097
What are the prime factors of 1005119602?
2, 502559801
List the prime factors of 710626301.
7, 11, 283, 32611
List the prime factors of 4820483710.
2, 5, 7, 4391, 15683
List the prime factors of 2345303195.
5, 83, 5651333
What are the prime factors of 1369115752?
2, 29, 193, 30577
List the prime factors of 720050811.
3, 23, 10435519
List the prime factors of 438169369.
11, 353, 112843
List the prime factors of 1452299278.
2, 59, 113, 108917
What are the prime factors of 16584044?
2, 17, 47, 5189
List the prime factors of 7388507.
7, 1055501
List the prime factors of 236375013.
3, 7, 193, 58321
What are the prime factors of 278423089?
7, 199, 199873
List the prime factors of 3435468161.
3435468161
What are the prime factors of 2886508?
2, 193, 3739
List the prime factors of 92227995.
3, 5, 19, 269, 401
List the prime factors of 50010405.
3, 5, 83, 40169
What are the prime factors of 3377609160?
2, 3, 5, 71, 109, 3637
List the prime factors of 271331642.
2, 67, 2024863
List the prime factors of 33588425.
5, 13, 103349
List the prime factors of 2830199633.
2830199633
What are the prime factors of 3295697701?
179, 3299, 5581
List the prime factors of 60489352.
2, 7, 11, 79, 113
What are the prime factors of 50681274?
2, 3, 7, 503, 2399
What are the prime factors of 71327178?
2, 3, 13, 19, 61, 263
What are the prime factors of 2849132?
2, 11, 13, 17, 293
What are the prime factors of 113800597?
31, 3670987
List the prime factors of 1514579226.
2, 3, 151, 11071
What are the prime factors of 2784780916?
2, 137, 5081717
What are the prime factors of 1673509?
1673509
List the prime factors of 1429168707.
3, 1733, 91631
What are the prime factors of 2891779223?
3067, 942869
What are the prime factors of 1067953893?
3, 827, 430453
List the prime factors of 612654560.
2, 5, 7, 53, 10321
List the prime factors of 39321954.
2, 3, 7, 521, 599
What are the prime factors of 30356547?
3, 13, 19, 71, 577
List the prime factors of 32283606.
2, 3, 709, 7589
List the prime factors of 98796384.
2, 3, 17, 1187
List the prime factors of 456636037.
11, 13, 79, 83, 487
List the prime factors of 77297943.
3, 25765981
What are the prime factors of 338843223?
3, 251, 49999
List the prime factors of 3977363706.
2, 3, 439, 577, 2617
What are the prime factors of 27145358?
2, 13572679
What are the prime factors of 3348278008?
2, 31, 3191, 4231
List the prime factors of 1890996704.
2, 23, 199, 12911
What are the prime factors of 1104881706?
2, 3, 61382317
List the prime factors of 7186252.
2, 239, 7517
What are the prime factors of 155388221?
113, 1375117
List the prime factors of 17229540.
2, 3, 5, 287159
What are the prime factors of 592845026?
2, 151, 1963063
What are the prime factors of 15221095?
5, 149, 20431
List the prime factors of 23364558.
2, 3, 7, 113, 547
What are the prime factors of 58372018?
2, 5323, 5483
List the prime factors of 1278374047.
43, 107, 277847
What are the prime factors of 2571203192?
2, 61, 1109, 4751
List the prime factors of 4424625284.
2, 1106156321
What are the prime factors of 127201592?
2, 7, 23, 61, 1619
List the prime factors of 40382573.
7, 11, 499, 1051
List the prime factors of 302360918.
2, 31, 137, 35597
What are the prime factors of 11143671?
3, 7, 11, 19, 2539
List the prime factors of 2952885143.
13, 227145011
What are the prime factors of 708581666?
2, 13, 563, 48407
What are the prime factors of 1180803318?
2, 3, 83, 2371091
What are the prime factors of 125418305?
5, 67, 71, 5273
What are the prime factors of 17152720?
2, 5, 13, 16493
List the prime factors of 10980814.
2, 13, 422339
What are the prime factors of 230055261?
3, 331, 231677
What are the prime factors of 39383620?
2, 5, 1969181
What are the prime factors of 84514944?
2, 3, 127, 1733
List the prime factors of 276413970.
2, 3, 5, 7, 1316257
List the prime factors of 164192640.
2, 3, 5, 85517
List the prime factors of 116252063.
71, 157, 10429
What are the prime factors of 46998800?
2, 5, 117497
What are the prime factors of 168226434?
2, 3, 9345913
List the prime factors of 215022707.
215022707
What are the prime factors of 37103642?
2, 18551821
List the prime factors of 261804866.
2, 29, 569, 7933
What are the prime factors of 732886431?
3, 83, 89, 33071
List the prime factors of 306017263.
306017263
What are the prime factors of 721225884?
2, 3, 17, 3535421
What are the prime factors of 302174445?
3, 5, 20144963
What are the prime factors of 283962583?
43, 71, 281, 331
List the prime factors of 352014662.
2, 113, 349, 4463
List the prime factors of 469868242.
2, 23, 10214527
List the prime factors of 35583410.
2, 5, 103, 179, 193
What are the prime factors of 911627315?
5, 19, 181, 53017
What are the prime factors of 714165963?
3, 7, 929, 36607
List the prime factors of 25309031.
11, 107, 21503
What are the prime factors of 486308579?
17, 67, 419, 1019
List the prime factors of 53935680.
2, 3, 5, 19, 2957
List the prime factors of 1344947505.
3, 5, 11, 8151197
List the prime factors of 118060374.
2, 3, 1973, 9973
List the prime factors of 46108285.
5, 9221657
List the prime factors of 637354.
2, 318677
List the prime factors of 49091694.
2, 3, 8181949
What are the prime factors of 252029096?
2, 11, 2863967
List the prime factors of 600539909.
17, 79, 139, 3217
What are the prime factors of 413673655?
5, 82734731
What are the prime factors of 392344570?
2, 5, 157, 269, 929
List the prime factors of 6434333459.
6434333459
What are the prime factors of 50396819?
11, 4581529
List the prime factors of 332926868.
2, 3469, 23993
What are the prime factors of 530186615?
5, 7, 1381, 1567
List the prime factors of 8223359408.
2, 11, 17, 249859
What are the prime factors of 214821460?
2, 5, 7, 757, 2027
What are the prime factors of 759572483?
759572483
What are the prime factors of 270807780?
2, 3, 5, 4513463
List the prime factors of 1327329976.
2, 7, 31, 764591
What are the prime factors of 1027629277?
17, 2281, 26501
List the prime factors of 1222684457.
29, 199, 211867
What are the prime factors of 177514167?
3, 59171389
What are the prime factors of 69022874?
2, 3847, 8971
List the prime factors of 68444784.
2, 3, 47, 3371
List the prime factors of 16657254.
2, 3, 43, 21521
List the prime factors of 58221251.
11, 5292841
What are the prime factors of 248837616?
2, 3, 576013
What are the prime factors of 95396228?
2, 23849057
What are the prime factors of 1040838914?
2, 127, 271, 15121
What are the prime factors of 66945053?
7, 1667, 5737
List the prime factors of 28544950.
2, 5, 7, 61, 191
List the prime factors of 400723062.
2, 3, 66787177
List the prime factors of 46048283.
6121, 7523
What are the prime factors of 51672735?
3, 5, 71, 599
List the prime factors of 1797540270.
2, 3, 5, 31, 1932839
What are the prime factors of 3623225553?
3, 134193539
List the prime factors of 740828641.
7, 105832663
List the prime factors of 369501047.
67, 5514941
List the prime factors of 1175637923.
1175637923
What are the prime factors of 210526623?
3, 17, 947, 1453
List the prime factors of 48934072.
2, 11, 55